-2 - j. Let q = 2 + n. What are the prime factors of q?
3
Let u = 298 - 113. List the prime factors of u.
5, 37
Let v(r) = -300*r + 305*r + 6 - 2 + r**2. Suppose q = -3*u - 18, 0 = 3*q - 2*u + u + 14. What are the prime factors of v(q)?
2, 5
Suppose -v + 4*a - 316 = -5*v, 0 = v + 3*a - 83. What are the prime factors of v?
7, 11
Let t = 14 - 10. Suppose -10 = -t*o - 2. Suppose -2*r = 4*v + o - 20, -4*r - 6 = v. List the prime factors of v.
2, 3
Suppose -5*v - 4*r + 255 = -9*r, v - 3*r - 47 = 0. What are the prime factors of v?
53
Let o(r) = -r. Let z(i) = -i - 1. Let u(n) = -6*o(n) + z(n). What are the prime factors of u(2)?
3
What are the prime factors of 3/4 + 420/16?
3
List the prime factors of (1/(1/4))/2.
2
Let z(h) = 6*h + 62. List the prime factors of z(22).
2, 97
Suppose a - 3*d - 3 - 20 = 0, -2*a + 4*d = -36. List the prime factors of (-5)/(-20) - (-38)/a.
5
Suppose -2*y + 6 + 10 = 0. Suppose -9*h + 10*h = y. What are the prime factors of h?
2
Let u be -5*(-2 - (-24)/10). List the prime factors of (-35)/(-2) + u/4.
17
Let j(x) = 12*x - 1. Let r be j(1). Let z be r*(-1)/(-1) - 1. Suppose 2 + z = 2*c. What are the prime factors of c?
2, 3
Let p = 79 - 45. What are the prime factors of p?
2, 17
Suppose p + 3 - 4 = k, 3*k = -4*p - 3. Let s(q) be the first derivative of -2*q**2 - q - 1. What are the prime factors of s(k)?
3
Suppose -5*t - 3*r = -188, 5*r - 2 - 3 = 0. What are the prime factors of t?
37
Suppose 128 = r - 60. List the prime factors of r.
2, 47
Let x(i) = -i - 1. Let z be x(-1). Let q be 3 + z + -6 + 7. Suppose -2 = -q*t + 6. List the prime factors of t.
2
Let l be 9/(-7) - 8/(-28). What are the prime factors of (l - 11)/(2/(-3))?
2, 3
What are the prime factors of (-3)/((0 - (-243)/84) + -3)?
2, 7
Let x(p) = -p**3 - p**2 + p + 10. What are the prime factors of x(0)?
2, 5
Let b be (-18)/(2 - (-7)/(-3)). Suppose 3*h - 5*h + b = 0. What are the prime factors of h?
3
Let p(i) = 2*i - 4. Let q(w) = 1. Let u(f) = p(f) + 4*q(f). Let s be u(-2). Let m = s + 12. What are the prime factors of m?
2
Suppose -56 - 6 = -o. Suppose -k - 3*k - w + 58 = 0, 0 = 5*k - 4*w - o. What are the prime factors of k?
2, 7
Let u(z) = z**3 - 3*z**2 - 3*z + 6. Let b be u(4). Suppose -2*g = -b, 2*c + 0*g = -5*g + 59. What are the prime factors of c?
17
Let p(s) = -s**3 + 5*s**2 + 6*s - 1. Let g be p(6). Let h = 8 + g. What are the prime factors of h?
7
Suppose 2*u + n - 14 = 3*n, -4 = 2*n. List the prime factors of u*(0 + (-2)/(-2)).
5
Let m be -2 + 1 - (-4)/2. Let i(f) = -1 + f**2 + 2*f**3 + 0 + 5*f**3 + 3*f**3 + f. List the prime factors of i(m).
11
Let v(c) = -4*c**2 - 4*c**3 - 3 + 3*c**3 + 15*c**2 + 15*c. List the prime factors of v(12).
3, 11
Suppose -4*g = -388 - 376. Suppose -g = -3*n - 4*b, -158 = -3*n - 5*b + 32. Suppose 0 = 3*f + 2*f - n. List the prime factors of f.
13
Let n = 283 + -65. List the prime factors of n.
2, 109
Let l = -336 - -644. List the prime factors of l.
2, 7, 11
Let d be 10/30 + 17/3. Suppose d*q = q + 150. What are the prime factors of q?
2, 3, 5
Let w(y) = y**2 + 9*y - 7. Suppose 3*g + 4*x - 5 + 31 = 0, -x = -5*g - 51. List the prime factors of w(g).
3
Let q(i) = 3*i**2 + 1. Suppose -1 - 1 = t. What are the prime factors of q(t)?
13
Suppose 2*n + 8 = -5*x, -n + 2*x = -4 - 10. Suppose 0 = -2*v - v + n. Suppose -16 = -v*y + 8. List the prime factors of y.
2, 3
Let q = 7 - 7. Suppose q = -7*d + 2*d + 90. List the prime factors of d.
2, 3
Let r = -9 - -19. What are the prime factors of ((-20)/(-8) + -2)*r?
5
Let i = 29 - 6. What are the prime factors of i?
23
Let t be (-2 + 1)/((-1)/5). Suppose 85 = 5*m + t*o, -2*m - 3*o = 11 - 44. What are the prime factors of m?
2, 3
Suppose 88 = 6*r - 2*r. Suppose 0 = -4*p + 102 - r. List the prime factors of (-154)/(-10) - 8/p.
3, 5
Suppose 4*b - 7 = 3*f, 2*f + 4*b + 29 = f. Let m be ((-3)/(f/12))/2. Suppose 24 = 2*w + m*w. List the prime factors of w.
2, 3
Let v = -47 - -79. Let c = 48 - v. What are the prime factors of c?
2
Let h = -27 - -47. Suppose -5*n + 7*n = h. Suppose -3*v - n = -4*v. What are the prime factors of v?
2, 5
Let t(c) = 3*c**2 - 8*c - 14. Let k(v) = -v**2 - v + 1. Let r(m) = 2*k(m) + t(m). What are the prime factors of r(12)?
2, 3
Suppose l = j - 4, 2*j - j = -5*l + 4. Suppose 0 = -l*r + 4*r. Suppose 8*u - 3*u - 30 = r. What are the prime factors of u?
2, 3
Let w(i) be the second derivative of i**4/12 - 5*i**3/6 - i**2/2 + 3*i. What are the prime factors of w(6)?
5
Suppose 0 = -3*i + i + 8. List the prime factors of i.
2
Suppose -2*s = -5 - 47. Suppose 3*f - s + 8 = 0. What are the prime factors of f?
2, 3
Suppose j - 145 = -4*j. List the prime factors of j.
29
Let a = 106 + -59. Let p = a + -28. List the prime factors of p.
19
Let y = -7 - -12. Let d(j) = j**2 - j + 1. Let r be d(2). Suppose -2*i = -r*i + y. List the prime factors of i.
5
Let w = -10 + 10. Suppose 20 = 5*o, -5*b + 2*o + 3*o - 20 = w. Suppose g + b*g = 9. List the prime factors of g.
3
Suppose 4*p = c + 11, 0 = 4*c - 25 + 5. Suppose 13 + 2 = k + 5*j, -k - p*j + 17 = 0. What are the prime factors of k?
5
Let d be 1086/8 - (-33)/(-44). Suppose -g + d = 4*g. List the prime factors of g.
3
Suppose 0*q + 3*o - 216 = -3*q, 0 = -q - 2*o + 68. What are the prime factors of q?
2, 19
Let r = -30 + 46. What are the prime factors of r?
2
Let n(h) = h**2 - h + 1. Let d(w) = w**2 - w + 2. Let x(l) = -3*d(l) + 4*n(l). Suppose 2*r + 8 = 2*j - 8, -1 = 2*r + j. List the prime factors of x(r).
2, 5
Suppose 4 = 4*v - 2*v. Suppose -3*j = -v*j. Suppose j*o + o = 7. List the prime factors of o.
7
Suppose 4*a - 6*a + 210 = 2*q, -4*q + a = -445. What are the prime factors of q?
2, 5, 11
Suppose -t = 2*t - 141. List the prime factors of t.
47
Let q = 68 - 42. What are the prime factors of q?
2, 13
Suppose 5*y + 0*y = -f + 2, -2*y - 30 = -4*f. Let h(c) = c**2 - 7*c + 4. Let z be h(f). Suppose t + z = 0, w + 40 = 5*w + 3*t. What are the prime factors of w?
13
Suppose -t = -5*i + 34, 0 = 2*t + t - i + 46. Let l(z) = z**3 + 15*z**2 + 13*z + 15. What are the prime factors of l(t)?
29
Let d(f) = 2*f. Let o be d(1). Suppose r = o*r + 3. What are the prime factors of (r + 5/2)*-34?
17
Suppose 2*h - 3 = 33. Let x = h - 12. List the prime factors of 4*2 - (x + -6).
2
Let i(u) be the first derivative of -u**3/3 - u**2/2 + 16*u - 4. List the prime factors of i(0).
2
Let x = 16 + -10. Suppose 0*y + 2*y = x, -8 = m - 4*y. What are the prime factors of m?
2
Suppose -11 = 4*q - 5*c, -2*q + c = q + 11. Let z = -1 - q. Suppose -24 = -6*o + z*o. List the prime factors of o.
2
Let k be 0 + 12/4 + 0. Suppose -20 = k*i - 7*i. List the prime factors of i.
5
Let t be 0/(1*(-1 + 3)). Let f = -8 + 16. Suppose u + u - f = t. What are the prime factors of u?
2
Suppose 0 = -3*s - 5*x + 246, -s - 2*x = -0*s - 81. List the prime factors of s.
3, 29
Let u = 202 + -126. List the prime factors of u.
2, 19
Let o = 71 - 58. List the prime factors of o.
13
Let j(m) = m**2 + m - 6. Let w be j(-3). Let v = -3 + 10. Suppose w*c = c - v. What are the prime factors of c?
7
Suppose 5*q - 14 = 1. Suppose -q*c + 1 = -8. Suppose l - c*x + 7*x = 6, -l = -3*x - 13. List the prime factors of l.
2, 5
Let m = 0 + -1. Let l(s) = 18*s**2 - s - 1. List the prime factors of l(m).
2, 3
Let d = 5 + -8. Let a be (5 - (5 - 3)) + d. Suppose f = -a*f + 11. List the prime factors of f.
11
Let h be -5 + 2 - (-5 + -2). List the prime factors of ((-40)/(-50))/(h/150).
2, 3, 5
Let k(m) = -20*m - 56. Let c(r) = -7*r - 19. Let i(h) = 8*c(h) - 3*k(h). What are the prime factors of i(9)?
2, 13
Let t = 17 + -5. Suppose -92 + t = 5*v. Let d = 26 + v. What are the prime factors of d?
2, 5
Suppose 2*h + 3*a = -2*a + 61, a - 1 = 0. Suppose 0 = -27*k + h*k - 22. What are the prime factors of k?
2, 11
What are the prime factors of 1700/65 - (-2)/(-13)?
2, 13
Let d(u) = -u**3 + 6*u**2 + 8*u - 1. Let z be d(8). Let w = z - -97. What are the prime factors of (0 + -1)/((-2)/w)?
2
Let d(t) = -3*t - 7. Let w be d(-6). List the prime factors of (3 - 0) + (w - 8).
2, 3
Let c(q) = -3*q - 11. Let h be 8/(-12) + (-44)/6. List the prime factors of c(h).
13
Let n = 25 + -2. What are the prime factors of n?
23
Let w be -2*9/(36/(-104)). Let a = 96 - w. List the prime factors of a.
2, 11
Suppose -5*c + 85 = 5*i, 4*